 - 4*s, s = -g + 2. Let r be (g + 8)/(4 + -3). Is r/(-4)*(-56)/6 prime?
False
Let n = 1574 - 1029. Suppose -m - 5*l + 587 = 2, -n = -m + 5*l. Suppose 95 = h + 4*t, 2*h - 7*h - 2*t + m = 0. Is h prime?
False
Let y = -15 + 16. Let w(i) = 15*i**3 + i**2 - 2*i + 1. Is w(y) prime?
False
Suppose -3*i = -2*i - 20. Let s = i - -6. Is s a composite number?
True
Let c(g) = g - 7. Let x be c(-10). Let t = 26 - x. Is t composite?
False
Let i(l) = 5*l**3 + 2*l + 2. Let n = 8 + -5. Is i(n) a composite number?
True
Let b(p) = 172*p + 5. Suppose -3 = -2*r + r. Is b(r) prime?
True
Suppose 2*y = -y - 5*o + 35, 0 = 4*y + 2*o - 28. Suppose -y*t + 31 = -64. Is t composite?
False
Suppose 4*m - 1251 = -2*x + 495, 0 = 2*x - 3*m - 1718. Is x a prime number?
False
Suppose 20 = 2*o + 4*q, 5*o - 65 = -q - 6. Suppose 7*p - o*p = -155. Is p prime?
True
Let y(o) = o**3 + 5*o**2 + 5*o + 6. Let g be y(-4). Let z(r) = 3 + 3*r - g*r + 2. Is z(8) prime?
True
Let u(f) be the second derivative of -f**5/20 + 11*f**4/12 - 7*f**3/6 - f**2 + f. Is u(7) prime?
False
Suppose 4*v + a = 3*a + 10, 4*a = 12. Suppose v + 2 = 3*o. Suppose 52 = 2*p + o*m, 3*p + 0*m + m - 88 = 0. Is p a prime number?
True
Suppose 4*u = 13 + 7. Suppose 5*k - u*t - 72 = 248, -t - 5 = 0. Is k a prime number?
True
Let j(m) = -m + 6 - 2 + 5*m**2 - 3. Let y(n) = -n**3 - n**2 - n + 2. Let v be y(0). Is j(v) a prime number?
True
Is (2/(3 + -5))/(1/(-31)) composite?
False
Let p be (669/(-2))/(2/(-4)). Let z be 18/10 + 2/10. Suppose -z*d + p = d. Is d a prime number?
True
Suppose -39*g = -34*g - 2935. Is g a composite number?
False
Let s(q) = 122*q - 1. Let n be (-3)/(-12) + 6/8. Is s(n) composite?
True
Suppose 5*o + 5*j - 1272 - 1348 = 0, 0 = -o + 3*j + 504. Let s = -308 + o. Is s a prime number?
True
Let s(j) = -j**3 - 2*j**2 - 3*j - 2. Let w be s(-4). Suppose 0 = -5*c + 303 + w. Is c composite?
True
Let k(o) = 2*o**3 - o**2 - 7*o + 1. Suppose 4*f = 3*f + 5. Is k(f) prime?
True
Let x(h) = -10*h + 6. Let y be x(-5). Suppose 156 = 4*b + 4*k, 2*b - k - 10 - y = 0. Is b a composite number?
True
Let b be (-75)/12 + 2/8. Let p = b + 223. Is p a composite number?
True
Let j(w) = -31*w**3 + 6*w**2 - w + 2. Let s(y) = 15*y**3 - 3*y**2 - 1. Let f(i) = 4*j(i) + 9*s(i). Is f(3) prime?
True
Let o = -2 - -2. Suppose -u - 2*u = 0, -5*b + 4*u = o. Suppose c - 5*c + 76 = b. Is c composite?
False
Let q(l) = 1 + 1 + l**2 - 2 - 4*l. Is q(-3) prime?
False
Let f be -6*1*(-11)/22. Suppose 69 = f*a - 24. Is a composite?
False
Let j be 0*1/(-2)*2. Let r be (j - 59) + 0 + 1. Let z = 107 + r. Is z composite?
True
Let a = 157 - -6. Is a a composite number?
False
Let d be -113 - (-2)/((-4)/(-6)). Let i = d + 157. Is i a composite number?
False
Let i be ((-42)/14)/((-3)/838). Suppose -7*r + 9*r = i. Is r a prime number?
True
Suppose -5*o + z = -2792, 5*o - 5*z - 1256 = 1524. Is o a composite number?
True
Let s(v) = 2*v**3 - 2*v**2 - 2*v + 1. Is s(5) a composite number?
False
Let p(v) = 18*v**2 + 12*v + 11. Is p(5) a prime number?
True
Let i(o) be the third derivative of -o**6/60 - o**5/15 + o**4/8 - 5*o**3/6 - 7*o**2. Is i(-4) prime?
True
Suppose -o = -l, -l = 3*o + 3*l - 28. Suppose 113 = 5*n + 2*v + v, 3*n - o*v - 62 = 0. Is n prime?
False
Suppose -7*u + 10014 = -u. Is u prime?
True
Let j = 4 + 31. Let k = j + -17. Suppose -t = 4*o - 23, 4*t - 20 = 2*o + k. Is t a prime number?
True
Let c(z) = 5*z + 4*z - 4*z + 3 + z**2. Let r(p) = -p**3 - 9*p**2 - 16*p - 9. Let f be r(-7). Is c(f) a prime number?
True
Suppose 5*z - 710 = -d - d, 3*z - 3*d - 405 = 0. Suppose -v + 51 = -z. Is v composite?
False
Suppose c + 2 = -0*c. Let h(g) be the second derivative of -10*g**3/3 - 3*g**2/2 + 9*g. Is h(c) a composite number?
False
Let x = 19 + 6. Let j be 12/18*63/2. Let r = x + j. Is r a prime number?
False
Suppose -3*z + 4*l = 10, -2*z - 4*l = l - 1. Let n(p) = -55*p**3 - p**2 - 5*p - 3. Is n(z) a composite number?
False
Suppose y + 4*r = 16, 16 = 2*y + y - 4*r. Let s(j) = j**3 - 7*j**2 - 9*j + 10. Let z be s(y). Suppose g - z*h = 3, 4*g + 2*h - 11 = 1. Is g a prime number?
True
Let l(s) be the first derivative of -s**3/3 - 2*s**2 + 2*s + 1. Let m be l(-4). Suppose -m*t - 2*t + 12 = 0. Is t prime?
True
Let l = 476 + -258. Suppose -2*p + 4*p = l. Is p a prime number?
True
Let p be (3/(-3))/(1/6). Let z = p + 20. Suppose 4*v - 162 = -z. Is v a prime number?
True
Is -1 - (-3)/2 - 963/(-6) a composite number?
True
Suppose 7*s - 2*s = 820. Let q = s + -51. Suppose 3*d = -2 + q. Is d composite?
False
Let n(y) = -y**2 - 15*y + 23. Is n(-12) a prime number?
True
Suppose -4*o + 662 = -2*o. Is o a prime number?
True
Let m be 5*(0 + 6/(-15)). Is m/5 - (-287)/5 prime?
False
Let i(z) = 3*z**3 - 2*z + 1. Let w be i(1). Let f(o) = 0*o + 0*o + 3*o + w - 1. Is f(12) a composite number?
False
Suppose -5894 = -2*h + 4*r + 3820, 0 = -3*h - 5*r + 14593. Is h a composite number?
False
Suppose 3*b = -2*y + 7, 5*b - 1 = 4. Let l = -1 + y. Let n(z) = 94*z**3 + 1. Is n(l) a prime number?
False
Let o(g) = 2*g**2 - 2*g + 3. Let a(z) = 2*z**3 - z**2 - z + 11. Let d be a(0). Is o(d) composite?
False
Let u = 22 - 22. Suppose u = -2*g + 5*j + 23, 5*g + 3*j - 6 = 98. Is g a prime number?
True
Is -5*((-208)/20 + -3) a prime number?
True
Let f(i) = -i. Let c be f(-4). Suppose -14 - 74 = -c*y. Is y a prime number?
False
Is (13/(130/(-84)))/((-4)/10) prime?
False
Let a = 23446 + -16551. Suppose -10*c = -5*c - a. Is c a composite number?
True
Let s = 3 - -1. Suppose s*t - 4*n - 6 = 30, -3*t = -n - 17. Suppose -t*l + 37 = -23. Is l composite?
True
Suppose -15 = -3*p + 2*p. Let k be (-2)/(-1) + -2 + 3. Suppose 2*o = -k*m - p + 174, -3*m + 2*o = -159. Is m a prime number?
True
Let p = 14 + -10. Is ((-10)/p - -2)*-402 prime?
False
Let x = 4 - -1. Suppose -x*j = 4*s - 1324, 3*s - 2*j = -3*j + 982. Suppose 2*d + s = 4*d. Is d a composite number?
False
Is (-7)/(14/4) - -123 a prime number?
False
Suppose 0 = -2*v + 8, -4*l + l - 3*v + 1074 = 0. Suppose -9*s + l = -7*s. Is s a composite number?
True
Is (2 - -4) + 1 + -3 + 51 prime?
False
Let g(j) = -2*j**3 + 2*j**2 - 6*j - 4. Let h be g(5). Let r = 340 + h. Is r composite?
True
Let u = 12 + -7. Suppose 35 = i + i - u*x, i + x = 28. Is i a prime number?
False
Is (-11146)/(-10) - ((-24)/20)/3 prime?
False
Suppose 57 = -0*t + 2*t + o, 0 = -5*t - 2*o + 145. Let f = t + 4. Is f prime?
False
Suppose 5*i = -5, -4*j - 2*i = j - 953. Is j a prime number?
True
Suppose -g - q + 1 = 3*g, 2*g = -5*q + 23. Let c = g - -1. Suppose c = 5*y + 32 - 277. Is y prime?
False
Let h = -1 - -88. Is h prime?
False
Let k be -20 + 0 + 0 + 0. Let q = 11 - k. Is q prime?
True
Let z = -12 + 9. Is (z/12)/((-2)/1016) a composite number?
False
Suppose w + 0*m + 14 = 5*m, 4*w - 2*m = 16. Suppose -2*c = w - 18. Is c composite?
True
Let z(o) = 27*o - 4. Let k = 0 + 6. Let j = k - 3. Is z(j) prime?
False
Is (-7530)/(-6) + 4/2*2 a composite number?
False
Let z(y) = 84*y - 49. Is z(4) prime?
False
Let u(d) = -277*d + 31. Is u(-6) composite?
False
Let s be ((-5)/(-4))/(7/364). Suppose 7*x = 2*x + s. Is x a composite number?
False
Let b(m) = m**3 + 9*m**2 - 2*m - 1. Is b(-8) a prime number?
True
Suppose -58 = 2*u + 18. Suppose 5*g - l = -0*l + 268, -2*l + 206 = 4*g. Let m = g + u. Is m composite?
True
Let l(z) = z**2 - 4*z + 6. Is l(-5) a prime number?
False
Is 7/(-21) + 1076/6 a composite number?
False
Let m(k) = 63*k - 4. Suppose 4*w - 12 = 0, -x + 11 = 5*w - 5. Suppose 5 + x = 2*a. Is m(a) prime?
False
Let i = 314 + -217. Is i a prime number?
True
Suppose 6*y + 10 = y. Is 424/20 - y/(-10) composite?
True
Let w(y) be the second derivative of -y**8/6720 - y**7/1260 + y**6/360 - y**5/120 + y**4/12 + 3*y. Let k(u) be the third derivative of w(u). Is k(-4) composite?
False
Let l be ((-30)/(-20))/(1/6). Suppose 1551 = 12*o - l*o. Is o a prime number?
False
Let j(o) = 2*o**2 + 6 - 7 - 7*o + 0*o**2. Is j(14) composite?
False
Let h be -2 - (2 + -1 + -3). Suppose h*z - 201 = -3*z. Is z a prime number?
True
Let o = -6 + 7. Let q be -1*(-2 + o)*0. Suppose -3*b + 76 + 305 = q. Is b a composite number?
False
Suppose 0 = 5*s + 10 - 35. Suppose 5*u = u - q + 383, s = -q. Is u prime?
True
Suppose 10*t + 707 = 11*t. Is t a composite number?
True
Let n = -5 - -8. Let g = 11 - 7. Suppose -s + 22 = 4*t - n*s, 8 